{"id":7474,"date":"2019-04-24T15:13:06","date_gmt":"2019-04-24T15:13:06","guid":{"rendered":"https:\/\/www.ekko-wp.com\/demo-content\/?page_id=7474"},"modified":"2026-04-09T13:42:11","modified_gmt":"2026-04-09T16:42:11","slug":"home-renewable-energy","status":"publish","type":"page","link":"https:\/\/empresaryr.cl\/web\/","title":{"rendered":"Home Renewable Energy"},"content":{"rendered":"<p>[vc_row el_class=&#8221;under-menu-topbar&#8221;][vc_column][rev_slider_vc alias=&#8221;renewable-energy-slider&#8221;][\/vc_column][\/vc_row][vc_row css=&#8221;.vc_custom_1547479820461{padding-bottom: 100px !important;}&#8221;][vc_column]<div class=\"feature-sections-wrapper kd-fsp-6a034e5ae09ff \">\r\n            <section class=\"feature-sections-tabs  \">\r\n              <nav class=\"kd-feature-tabs\">\r\n                <ul class=\"nav nav-tabs sticky-tabs container\">\r\n                <\/ul>\r\n              <\/nav>\r\n            <\/section>\r\n            <section id=\"kd-fss-6a034e5ae0bdb\" class=\"featured-right \"><li class=\"nav-label\"><a class=\"feature-tabs-scroll\" href=\"#kd-fss-6a034e5ae0bdb\"><i class=\"fas fa-project-diagram fss-nav-icon\" style=\" \"><\/i> HDPE<\/a><\/li><div class=\"container\">\r\n                <div class=\"side-content-wrapper kd-animated fadeInLeft\" data-animation-delay=\"200\"><i class=\"fas fa-project-diagram section-icon\" style=\" \"><\/i> <h2 class=\"side-content-title\" >HDPE.<br \/>\nMontaje \/ Fabricaci\u00f3n \/ Mantenci\u00f3n.<\/h2><h6 class=\"side-content-subtitle\" >Tenemos la experiencia de un equipo orientado a ofrecer soluciones integrales y eficientes.<\/h6><div class=\"side-content-text\" ><\/p>\n<ul>\n<li>Disponible en di\u00e1metros nominales<\/li>\n<li>Distintas longuitudes<\/li>\n<li>Excelencia garantizada<\/li>\n<\/ul>\n<p>\n<\/div><\/div><div class=\"side-featured-wrapper fss-organic-1-rotate kd-animated fadeInRight fss-shadow-image\" data-animation-delay=\"200\">\r\n      <div class=\"featured-image\"><img loading=\"lazy\" decoding=\"async\" width=\"1980\" height=\"1320\" src=\"https:\/\/empresaryr.cl\/web\/wp-content\/uploads\/2023\/03\/mineria_2_opt.jpg\" class=\"attachment-full\" alt=\"\" srcset=\"https:\/\/empresaryr.cl\/web\/wp-content\/uploads\/2023\/03\/mineria_2_opt.jpg 1980w, https:\/\/empresaryr.cl\/web\/wp-content\/uploads\/2023\/03\/mineria_2_opt-800x533.jpg 800w, https:\/\/empresaryr.cl\/web\/wp-content\/uploads\/2023\/03\/mineria_2_opt-300x200.jpg 300w, https:\/\/empresaryr.cl\/web\/wp-content\/uploads\/2023\/03\/mineria_2_opt-1024x683.jpg 1024w, https:\/\/empresaryr.cl\/web\/wp-content\/uploads\/2023\/03\/mineria_2_opt-768x512.jpg 768w, https:\/\/empresaryr.cl\/web\/wp-content\/uploads\/2023\/03\/mineria_2_opt-1536x1024.jpg 1536w\" sizes=\"auto, (max-width: 1980px) 100vw, 1980px\" \/><\/div>\r\n    <\/div><\/div>\r\n            <\/section><section id=\"kd-fss-6a034e5ae1fde\" class=\"featured-left \"><li class=\"nav-label\"><a class=\"feature-tabs-scroll\" href=\"#kd-fss-6a034e5ae1fde\"><i class=\"iconsmind-Map2 iconsmind-Maps-Locations fss-nav-icon\" style=\" \"><\/i> GeoMembrana<\/a><\/li><div class=\"container\">\r\n                <div class=\"side-content-wrapper kd-animated fadeInRight\" data-animation-delay=\"200\"><i class=\"iconsmind-Map2 iconsmind-Maps-Locations section-icon\" style=\" \"><\/i> <h2 class=\"side-content-title\" >GeoMembrana.<br \/>\nBarrera sint\u00e9tica sumamente eficiente.<\/h2><h6 class=\"side-content-subtitle\" >La principal caracter\u00edstica es la resistencia mec\u00e1nica, impermeabilidad y durabilidad en el medio ambiente.<\/h6><div class=\"side-content-text\" ><\/p>\n<ul>\n<li>Distintos tipos y espesores<\/li>\n<li>Instalaci\u00f3n garantizada<\/li>\n<li>Termofusi\u00f3n de excelencia<\/li>\n<\/ul>\n<p>\n<\/div><\/div><div class=\"side-featured-wrapper fss-organic-1 kd-animated fadeInLeft fss-shadow-image\" data-animation-delay=\"200\">\r\n      <div class=\"featured-image\"><img loading=\"lazy\" decoding=\"async\" width=\"1200\" height=\"676\" src=\"https:\/\/empresaryr.cl\/web\/wp-content\/uploads\/2023\/03\/instalacion-de-geomembranas-hdpe-cuando-es-idoneo.jpg\" class=\"attachment-full\" alt=\"\" srcset=\"https:\/\/empresaryr.cl\/web\/wp-content\/uploads\/2023\/03\/instalacion-de-geomembranas-hdpe-cuando-es-idoneo.jpg 1200w, https:\/\/empresaryr.cl\/web\/wp-content\/uploads\/2023\/03\/instalacion-de-geomembranas-hdpe-cuando-es-idoneo-800x451.jpg 800w, https:\/\/empresaryr.cl\/web\/wp-content\/uploads\/2023\/03\/instalacion-de-geomembranas-hdpe-cuando-es-idoneo-300x169.jpg 300w, https:\/\/empresaryr.cl\/web\/wp-content\/uploads\/2023\/03\/instalacion-de-geomembranas-hdpe-cuando-es-idoneo-1024x577.jpg 1024w, https:\/\/empresaryr.cl\/web\/wp-content\/uploads\/2023\/03\/instalacion-de-geomembranas-hdpe-cuando-es-idoneo-768x433.jpg 768w\" sizes=\"auto, (max-width: 1200px) 100vw, 1200px\" \/><\/div>\r\n    <\/div><\/div>\r\n            <\/section><section id=\"kd-fss-6a034e5ae2d66\" class=\"featured-right \"><li class=\"nav-label\"><a class=\"feature-tabs-scroll\" href=\"#kd-fss-6a034e5ae2d66\"><i class=\"iconsmind-Light-Bulb2 iconsmind-Objects fss-nav-icon\" style=\" \"><\/i> Conciencia verde<\/a><\/li><div class=\"container\">\r\n                <div class=\"side-content-wrapper kd-animated fadeInLeft\" data-animation-delay=\"200\"><i class=\"iconsmind-Light-Bulb2 iconsmind-Objects section-icon\" style=\" \"><\/i> <h2 class=\"side-content-title\" >Conciencia verde.<br \/>\nUna oportunidad para cuidar la tierra.<\/h2><h6 class=\"side-content-subtitle\" >\u00bfSab\u00edas que la tierra nos da lo esencial para vivir, como el agua, aire, plantas, alimentos y que es el hogar de todos los seres vivos que habitan en ella, incluy\u00e9ndonos? Para ayudarla, puedes seguir algunos simples casos:<\/h6><div class=\"side-content-text\" ><\/p>\n<ul>\n<li>No botar basura<\/li>\n<li>Reciclar<\/li>\n<li>No usar le\u00f1a<\/li>\n<li>Educar a los ni\u00f1os<\/li>\n<\/ul>\n<p>\n<\/div><\/div><div class=\"side-featured-wrapper fss-organic-1-rotate kd-animated fadeInRight fss-shadow-image\" data-animation-delay=\"200\">\r\n      <div class=\"featured-image\"><img loading=\"lazy\" decoding=\"async\" src=\"https:\/\/www.ekko-wp.com\/wp-content\/uploads\/sites\/3\/2019\/04\/energy7.jpg\" width=\"605\" height=\"605\" \/><\/div>\r\n    <\/div><\/div>\r\n            <\/section>\r\n            <\/div><style type=\"text\/css\"><\/style>[\/vc_column][\/vc_row][vc_row full_width=&#8221;stretch_row&#8221; css=&#8221;.vc_custom_1548761128113{padding-top: 100px !important;padding-bottom: 50px !important;background-color: #f4f9ec !important;}&#8221;][vc_column css=&#8221;.vc_custom_1548768132879{padding-right: 0px !important;padding-left: 0px !important;}&#8221;][vc_row_inner css=&#8221;.vc_custom_1556030588953{margin-bottom: 40px !important;}&#8221;][vc_column_inner][vc_empty_space height=&#8221;25px&#8221;]<header class=\"kd-section-title vc_col-lg-6 vc_col-sm-8 text-center  kd-animated fadeIn   vc_custom_1679060353419\" data-animation-delay=200><h2 class=\"separator_off\" >Mantenimiento Industrial<\/h2><\/header>[\/vc_column_inner][\/vc_row_inner][vc_row_inner css=&#8221;.vc_custom_1548768188780{padding-right: 0px !important;padding-left: 0px !important;}&#8221;][vc_column_inner width=&#8221;1\/3&#8243;]<div class=\"cb-container cb-cont-left   kd-animated fadeInUp\" style=\"background-color: #fff;\" ><div class=\"cb-img-area\"><i class=\"iconsmind-Crane iconsmind-Industry\" style=\" color: #1e73be;\"><\/i> <\/div><div class=\"cb-text-area\">\n                    <h4 class=\"cb-heading \" >Montaje y Desmontaje<\/h4><p >Molinos tipo Dominion 14x28 ft. y contra-ejes<\/p><\/div><\/div>[\/vc_column_inner][vc_column_inner width=&#8221;1\/3&#8243;]<div class=\"cb-container cb-cont-left   kd-animated fadeInUp\" style=\"background-color: #fff;\" data-animation-delay=200><div class=\"cb-img-area\"><i class=\"fas fa-exchange-alt\" style=\" color: #1e73be;\"><\/i> <\/div><div class=\"cb-text-area\">\n                    <h4 class=\"cb-heading \" >Cambio de coronas<\/h4><p >Cambio de coronas<\/p><\/div><\/div>[\/vc_column_inner][vc_column_inner width=&#8221;1\/3&#8243;]<div class=\"cb-container cb-cont-left   kd-animated fadeInUp\" style=\"background-color: #fff;\" data-animation-delay=400><div class=\"cb-img-area\"><i class=\"iconsmind-Windmill iconsmind-Industry\" style=\" color: #1e73be;\"><\/i> <\/div><div class=\"cb-text-area\">\n                    <h4 class=\"cb-heading \" >Alineaci\u00f3n de Molinos<\/h4><p >Alineaci\u00f3n de Molinos<\/p><\/div><\/div>[\/vc_column_inner][\/vc_row_inner][vc_row_inner css=&#8221;.vc_custom_1513787881546{padding-right: 0px !important;padding-bottom: 20px !important;padding-left: 0px !important;}&#8221;][vc_column_inner width=&#8221;1\/3&#8243;]<div class=\"cb-container cb-cont-left   kd-animated fadeInUp\" style=\"background-color: #fff;\" ><div class=\"cb-img-area\"><i class=\"fas fa-sync-alt\" style=\" color: #1e73be;\"><\/i> <\/div><div class=\"cb-text-area\">\n                    <h4 class=\"cb-heading \" >Cambio de Revestimientos interiores.<\/h4><p >Cambio de Revestimientos interiores (industrial y particular)<\/p><\/div><\/div>[\/vc_column_inner][vc_column_inner width=&#8221;1\/3&#8243;]<div class=\"cb-container cb-cont-left   kd-animated fadeInUp\" style=\"background-color: #fff;\" data-animation-delay=200><div class=\"cb-img-area\"><i class=\"fas fa-tools\" style=\" color: #1e73be;\"><\/i> <\/div><div class=\"cb-text-area\">\n                    <h4 class=\"cb-heading \" >Mantenci\u00f3n y reparaci\u00f3n<\/h4><p >Mantenci\u00f3n y reparaci\u00f3n de Bombas Centr\u00edfugas horizontales y verticales en el \u00e1rea Industrial<\/p><\/div><\/div>[\/vc_column_inner][vc_column_inner width=&#8221;1\/3&#8243;]<div class=\"cb-container cb-cont-left   kd-animated fadeInUp\" style=\"background-color: #fff;\" data-animation-delay=400><div class=\"cb-img-area\"><i class=\"iconsmind-Power-Station iconsmind-Industry\" style=\" color: #1e73be;\"><\/i> <\/div><div class=\"cb-text-area\">\n                    <h4 class=\"cb-heading \" >Mantenci\u00f3n General<\/h4><p >Hidrociclones, celdas de Flotaci\u00f3n, General Equipos Industriales, motores a combusti\u00f3n MANN (Central El\u00e9ctrica)<\/p><\/div><\/div>[\/vc_column_inner][\/vc_row_inner][\/vc_column][\/vc_row][vc_row full_width=&#8221;stretch_row&#8221; css=&#8221;.vc_custom_1541162836204{padding-top: 100px !important;}&#8221;][vc_column css=&#8221;.vc_custom_1515689025535{padding-right: 0px !important;padding-left: 0px !important;}&#8221;][vc_row_inner][vc_column_inner]<header class=\"kd-section-title vc_col-lg-6 vc_col-sm-8 text-center  kd-animated fadeIn   vc_custom_1679065210883\" data-animation-delay=200><h2 class=\"separator_off\" >Articulos de inter\u00e9s<\/h2><h6 class=\"subtitle \" >El aprendizaje continuo y las soluciones adaptadas a la aplicaci\u00f3n de cada proyecto son los pilares de nuestro trabajo d\u00eda a d\u00eda.<\/h6><\/header>[\/vc_column_inner][\/vc_row_inner][vc_row_inner css=&#8221;.vc_custom_1541417551563{padding-bottom: 100px !important;}&#8221;][vc_column_inner][vc_basic_grid post_type=&#8221;post&#8221; max_items=&#8221;3&#8243; item=&#8221;4339&#8243; grid_id=&#8221;vc_gid:1775752910996-d7e50930-79a7-0&#8243;][\/vc_column_inner][\/vc_row_inner][\/vc_column][\/vc_row][vc_row full_width=&#8221;stretch_row&#8221; kd_image_overlay_color=&#8221;rgba(201,206,255,0.46)&#8221; kd_image_overlay=&#8221;true&#8221; css=&#8221;.vc_custom_1679066619359{padding-top: 100px !important;background-color: #f4f9ec !important;}&#8221;][vc_column css=&#8221;.vc_custom_1515766787287{padding-right: 0px !important;padding-left: 0px !important;}&#8221;][vc_row_inner][vc_column_inner]<header class=\"kd-section-title vc_col-lg-6 vc_col-sm-8 text-center  kd-animated fadeIn   vc_custom_1678979323224\" data-animation-delay=200><h2 class=\"separator_off\" >Expertos en proyectos<\/h2><h6 class=\"subtitle \" >Nuestros profesionales est\u00e1n capacitados para entregar lo mejor en cada proyecto.<\/h6><\/header>[\/vc_column_inner][\/vc_row_inner][vc_row_inner css=&#8221;.vc_custom_1539014020306{padding-top: 0px !important;padding-bottom: 70px !important;}&#8221;][vc_column_inner]\r\n            <div class=\"kd-process-steps process_three_elem process-checkbox-template \">\r\n                <ul>\r\n                <li class=\"pss-item\" >\r\n                    <div class=\"pss-container kd-animated fadeIn \" ><div class=\"pss-step-number\"><span >1<\/span><\/div><div class=\"pss-img-area\"><div class=\"process-icon\"><i class=\"fas fa-map\" style=\" \"><\/i><\/div><\/div><div class=\"pss-text-area\">\r\n                            <h5 >Planificaci\u00f3n<\/h5>\r\n                            <p >Planificamos al detalle desde el inicio a t\u00e9rmino la ejecuci\u00f3n de la puesta en marcha.<\/p><\/div>\r\n                    <\/div>\r\n                <\/li>\r\n                <li class=\"pss-item\" >\r\n                    <div class=\"pss-container kd-animated fadeIn \" data-animation-delay=200><div class=\"pss-step-number\"><span >2<\/span><\/div><div class=\"pss-img-area\"><div class=\"process-icon\"><i class=\"fas fa-eject\" style=\" \"><\/i><\/div><\/div><div class=\"pss-text-area\">\r\n                            <h5 >Ejecuci\u00f3n<\/h5>\r\n                            <p >Realizamos de forma exhaustiva la ejecuci\u00f3n de cada proceso para que el resultado sea lo esperado por el cliente.<\/p><\/div>\r\n                    <\/div>\r\n                <\/li>\r\n                <li class=\"pss-item\" >\r\n                    <div class=\"pss-container kd-animated fadeIn \" data-animation-delay=400><div class=\"pss-step-number\"><span >3<\/span><\/div><div class=\"pss-img-area\"><div class=\"process-icon\"><i class=\"fas fa-running\" style=\" \"><\/i><\/div><\/div><div class=\"pss-text-area\">\r\n                            <h5 >Puesta en marcha<\/h5>\r\n                            <p >Estamos capacitados para entregar un apoyo integral en la puesta en marcha del cada proyecto.<\/p><\/div>\r\n                    <\/div>\r\n                <\/li><\/ul>\r\n            <\/div>[\/vc_column_inner][\/vc_row_inner][\/vc_column][\/vc_row][vc_row full_width=&#8221;stretch_row&#8221;][vc_column css=&#8221;.vc_custom_1548770267121{padding-right: 0px !important;padding-left: 0px !important;}&#8221;][vc_row_inner css=&#8221;.vc_custom_1548770285500{margin-right: -15px !important;padding-top: 100px !important;padding-bottom: 70px !important;}&#8221;][vc_column_inner offset=&#8221;vc_col-lg-4&#8243;]<header class=\"kd-section-title col-lg-12 text-left  kd-animated fadeIn  \" data-animation-delay=200><h2 class=\"separator_off\" >Cont\u00e1ctanos<\/h2><h6 class=\"subtitle \" >Si quieres saber m\u00e1s o si tienes preguntas, no dudes en contactarnos.<\/h6><\/header>[vc_empty_space height=&#8221;25px&#8221;]\n<div class=\"wpcf7 no-js\" id=\"wpcf7-f7918-o1\" lang=\"es-CL\" dir=\"ltr\" data-wpcf7-id=\"7918\">\n<div class=\"screen-reader-response\"><p role=\"status\" aria-live=\"polite\" aria-atomic=\"true\"><\/p> <ul><\/ul><\/div>\n<form action=\"\/web\/wp-json\/wp\/v2\/pages\/7474#wpcf7-f7918-o1\" method=\"post\" class=\"wpcf7-form init\" aria-label=\"Formulario de contacto\" novalidate=\"novalidate\" data-status=\"init\">\n<fieldset class=\"hidden-fields-container\"><input type=\"hidden\" name=\"_wpcf7\" value=\"7918\" \/><input type=\"hidden\" name=\"_wpcf7_version\" value=\"6.1.5\" \/><input type=\"hidden\" name=\"_wpcf7_locale\" value=\"es_CL\" \/><input type=\"hidden\" name=\"_wpcf7_unit_tag\" value=\"wpcf7-f7918-o1\" \/><input type=\"hidden\" name=\"_wpcf7_container_post\" value=\"0\" \/><input type=\"hidden\" name=\"_wpcf7_posted_data_hash\" value=\"\" \/>\n<\/fieldset>\n<p><label> Tu nombre<br \/>\n<span class=\"wpcf7-form-control-wrap\" data-name=\"your-name\"><input size=\"40\" maxlength=\"400\" class=\"wpcf7-form-control wpcf7-text wpcf7-validates-as-required\" autocomplete=\"name\" aria-required=\"true\" aria-invalid=\"false\" value=\"\" type=\"text\" name=\"your-name\" \/><\/span> <\/label>\n<\/p>\n<p><label> Tu correo electr\u00f3nico<br \/>\n<span class=\"wpcf7-form-control-wrap\" data-name=\"your-email\"><input size=\"40\" maxlength=\"400\" class=\"wpcf7-form-control wpcf7-email wpcf7-validates-as-required wpcf7-text wpcf7-validates-as-email\" autocomplete=\"email\" aria-required=\"true\" aria-invalid=\"false\" value=\"\" type=\"email\" name=\"your-email\" \/><\/span> <\/label>\n<\/p>\n<p><label> Asunto<br \/>\n<span class=\"wpcf7-form-control-wrap\" data-name=\"your-subject\"><input size=\"40\" maxlength=\"400\" class=\"wpcf7-form-control wpcf7-text\" aria-invalid=\"false\" value=\"\" type=\"text\" name=\"your-subject\" \/><\/span> <\/label>\n<\/p>\n<p><label> Tu mensaje<br \/>\n<span class=\"wpcf7-form-control-wrap\" data-name=\"your-message\"><textarea cols=\"40\" rows=\"10\" maxlength=\"2000\" class=\"wpcf7-form-control wpcf7-textarea\" aria-invalid=\"false\" name=\"your-message\"><\/textarea><\/span> <\/label>\n<\/p>\n<p><input class=\"wpcf7-form-control wpcf7-submit has-spinner\" type=\"submit\" value=\"Enviar mensaje\" \/>\n<\/p><p style=\"display: none !important;\" class=\"akismet-fields-container\" data-prefix=\"_wpcf7_ak_\"><label>&#916;<textarea name=\"_wpcf7_ak_hp_textarea\" cols=\"45\" rows=\"8\" maxlength=\"100\"><\/textarea><\/label><input type=\"hidden\" id=\"ak_js_1\" name=\"_wpcf7_ak_js\" value=\"108\"\/><script>document.getElementById( \"ak_js_1\" ).setAttribute( \"value\", ( new Date() ).getTime() );<\/script><\/p><div class=\"wpcf7-response-output\" aria-hidden=\"true\"><\/div>\n<\/form>\n<\/div>\n[\/vc_column_inner][vc_column_inner css=&#8221;.vc_custom_1548770275108{padding-right: 0px !important;}&#8221; offset=&#8221;vc_col-lg-7&#8243;]<script>\r\n\r\n                    function initKdMap_kd6a034e5b59964() {\r\n                      var map_kd6a034e5b59964;\r\n        \t\t\t\t\t\t\tvar gmap_location_kd6a034e5b59964 = new google.maps.LatLng(-34.21026, -70.75267);\r\n        \t\t\t\t\t\t\tvar GMAP_MODULE_kd6a034e5b59964 = \"customMap\";\r\n      \t\t\t\t\t\t\t\tvar featureOpts = [\r\n      \t\t\t\t\t\t\t\t\t\t\t{\r\n      \t\t\t\t\t\t\t\t\t\t\t  stylers: [\r\n      \t\t\t\t\t\t\t\t\t\t\t\t{ \"visibility\": \"on\" },\r\n      \t\t\t\t\t\t\t\t\t\t\t\t{ \"weight\": 1 },\r\n      \t\t\t\t\t\t\t\t\t\t\t\t{ \"saturation\": -100 },\r\n      \t\t\t\t\t\t\t\t\t\t\t\t{ \"lightness\": 2.2 },\r\n      \t\t\t\t\t\t\t\t\t\t\t\t{ \"gamma\": 2.2 }\r\n      \t\t\t\t\t\t\t\t\t\t\t  ]\r\n      \t\t\t\t\t\t\t\t\t\t\t}, {\r\n                                featureType: \"poi\",\r\n                                stylers: [\r\n                                  { \"visibility\": \"off\" }\r\n                                ]\r\n                              }\r\n      \t\t\t\t\t\t\t\t\t\t];\r\n      \t\t\t\t\t\t\t\tvar mapOptions = {\r\n      \t\t\t\t\t\t\t\t\tzoom: 16,\r\n      \t\t\t\t\t\t\t\t\tcenter: gmap_location_kd6a034e5b59964,\r\n                        scrollwheel: false,\r\n      \t\t\t\t\t\t\t\t\tmapTypeControlOptions: {\r\n      \t\t\t\t\t\t\t\t\t\tmapTypeIds: [google.maps.MapTypeId.ROADMAP, GMAP_MODULE_kd6a034e5b59964]\r\n      \t\t\t\t\t\t\t\t\t},\r\n      \t\t\t\t\t\t\t\t\tmapTypeId: GMAP_MODULE_kd6a034e5b59964\r\n      \t\t\t\t\t\t\t\t};\r\n      \t\t\t\t\t\t\t\tmap_kd6a034e5b59964 = new google.maps.Map(document.getElementById(\"kd6a034e5b59964\"), mapOptions);\r\n      \t\t\t\t\t\t\t\tmarker_kd6a034e5b59964 = new google.maps.Marker({\r\n      \t\t\t\t\t\t\t\t\tmap: map_kd6a034e5b59964,\r\n      \t\t\t\t\t\t\t\t\tdraggable: false,\r\n      \t\t\t\t\t\t\t\t\tanimation: google.maps.Animation.DROP,\r\n      \t\t\t\t\t\t\t\t\tposition: gmap_location_kd6a034e5b59964,\r\n      \t\t\t\t\t\t\t\t\ticon: \"https:\/\/www.ekko-wp.com\/wp-content\/uploads\/sites\/3\/2019\/04\/energy-map.png\"\r\n      \t\t\t\t\t\t\t\t  });\r\n      \t\t\t\t\t\t\t\tgoogle.maps.event.addListener(marker_kd6a034e5b59964, \"click\", function() {\r\n      \t\t\t\t\t\t\t\t\tif (marker_kd6a034e5b59964.getAnimation() != null) {\r\n      \t\t\t\t\t\t\t\t\t\tmarker_kd6a034e5b59964.setAnimation(null);\r\n      \t\t\t\t\t\t\t\t\t} else {\r\n      \t\t\t\t\t\t\t\t\t\tmarker_kd6a034e5b59964.setAnimation(google.maps.Animation.BOUNCE);\r\n      \t\t\t\t\t\t\t\t\t}\r\n      \t\t\t\t\t\t\t\t});\r\n      \t\t\t\t\t\t\t\tvar styledMapOptions = {\r\n      \t\t\t\t\t\t\t\t\tname: \"Huerto Pucal\u00e1n\"\r\n      \t\t\t\t\t\t\t\t};\r\n      \t\t\t\t\t\t\t\tvar customMapType_kd6a034e5b59964 = new google.maps.StyledMapType(featureOpts, styledMapOptions);\r\n      \t\t\t\t\t\t\t\tmap_kd6a034e5b59964.mapTypes.set(GMAP_MODULE_kd6a034e5b59964, customMapType_kd6a034e5b59964);\r\n                      }\r\n                      jQuery(window).on(\"load\", function() {\r\n                        initKdMap_kd6a034e5b59964();\r\n                      });\r\n      \t\t\t\t\t\t<\/script><div class=\"contact-map-container hidden_info_panel\" style=\"height: 440px;\"><div id=\"kd6a034e5b59964\" class=\"kd_map\" style=\"height: 440px;\"><\/div>\r\n\r\n            <\/div>[vc_empty_space height=&#8221;25px&#8221;][\/vc_column_inner][\/vc_row_inner][\/vc_column][\/vc_row][vc_row full_width=&#8221;stretch_row&#8221; css=&#8221;.vc_custom_1548769863749{background-color: #f4f9ec !important;}&#8221;][vc_column][vc_row_inner css=&#8221;.vc_custom_1548770094499{padding-top: 75px !important;padding-bottom: 75px !important;}&#8221;][vc_column_inner css=&#8221;.vc_custom_1773836440419{margin-top: 20px !important;margin-right: 20px !important;margin-bottom: 20px !important;margin-left: 20px !important;}&#8221;]<div class=\"slider clients grayscale-effect kd-client-6a034e5b59a00 black-navigation \"><div class=\"clients-content kd-animated zoomIn\" data-animation-delay=200><a href=\"https:\/\/acenorchile.com\/\" target=\"_blank\"><img loading=\"lazy\" decoding=\"async\" width=\"313\" height=\"80\" src=\"https:\/\/empresaryr.cl\/web\/wp-content\/uploads\/2026\/03\/ACENOR.jpeg\" class=\"attachment-full\" alt=\"\" srcset=\"https:\/\/empresaryr.cl\/web\/wp-content\/uploads\/2026\/03\/ACENOR.jpeg 313w, https:\/\/empresaryr.cl\/web\/wp-content\/uploads\/2026\/03\/ACENOR-300x77.jpeg 300w\" sizes=\"auto, (max-width: 313px) 100vw, 313px\" \/><\/a><\/div><div class=\"clients-content kd-animated zoomIn\" data-animation-delay=200><a href=\"https:\/\/www.prodalam.cl\/\" target=\"_blank\"><img loading=\"lazy\" decoding=\"async\" width=\"921\" height=\"173\" src=\"https:\/\/empresaryr.cl\/web\/wp-content\/uploads\/2026\/03\/PRODALAM.png\" class=\"attachment-full\" alt=\"\" srcset=\"https:\/\/empresaryr.cl\/web\/wp-content\/uploads\/2026\/03\/PRODALAM.png 921w, https:\/\/empresaryr.cl\/web\/wp-content\/uploads\/2026\/03\/PRODALAM-300x56.png 300w, https:\/\/empresaryr.cl\/web\/wp-content\/uploads\/2026\/03\/PRODALAM-768x144.png 768w, https:\/\/empresaryr.cl\/web\/wp-content\/uploads\/2026\/03\/PRODALAM-800x150.png 800w\" sizes=\"auto, (max-width: 921px) 100vw, 921px\" \/><\/a><\/div><div class=\"clients-content kd-animated zoomIn\" data-animation-delay=200><a href=\"https:\/\/www.ksltda.cl\/\" target=\"_blank\"><img loading=\"lazy\" decoding=\"async\" width=\"921\" height=\"187\" src=\"https:\/\/empresaryr.cl\/web\/wp-content\/uploads\/2026\/03\/KS.png\" class=\"attachment-full\" alt=\"\" srcset=\"https:\/\/empresaryr.cl\/web\/wp-content\/uploads\/2026\/03\/KS.png 921w, https:\/\/empresaryr.cl\/web\/wp-content\/uploads\/2026\/03\/KS-300x61.png 300w, https:\/\/empresaryr.cl\/web\/wp-content\/uploads\/2026\/03\/KS-768x156.png 768w, https:\/\/empresaryr.cl\/web\/wp-content\/uploads\/2026\/03\/KS-800x162.png 800w\" sizes=\"auto, (max-width: 921px) 100vw, 921px\" \/><\/a><\/div><div class=\"clients-content kd-animated zoomIn\" data-animation-delay=200><a href=\"https:\/\/www.apro.cl\/\" target=\"_blank\"><img loading=\"lazy\" decoding=\"async\" width=\"921\" height=\"181\" src=\"https:\/\/empresaryr.cl\/web\/wp-content\/uploads\/2026\/03\/APRO.png\" class=\"attachment-full\" alt=\"\" srcset=\"https:\/\/empresaryr.cl\/web\/wp-content\/uploads\/2026\/03\/APRO.png 921w, https:\/\/empresaryr.cl\/web\/wp-content\/uploads\/2026\/03\/APRO-300x59.png 300w, https:\/\/empresaryr.cl\/web\/wp-content\/uploads\/2026\/03\/APRO-768x151.png 768w, https:\/\/empresaryr.cl\/web\/wp-content\/uploads\/2026\/03\/APRO-800x157.png 800w\" sizes=\"auto, (max-width: 921px) 100vw, 921px\" \/><\/a><\/div><\/div><script type=\"text\/javascript\">\r\n              jQuery(document).ready(function($){\r\n                if ($(\".slider.clients.kd-client-6a034e5b59a00\").length) {\r\n                  $(\".slider.clients.kd-client-6a034e5b59a00\").owlCarousel({\r\n                    stageClass: \"owl-wrapper\",\r\n                    stageOuterClass: \"owl-wrapper-outer\",\r\n                    loadedClass: \"owl-carousel\",\r\n                    responsiveClass:true,\r\n                    responsive:{\r\n                      0:{\r\n                          items:1,nav: true,\r\n                            navSpeed: 500,\r\n                            dots: false,},\r\n                      415:{\r\n                          items:3,nav: true,\r\n                            navSpeed: 500,\r\n                            dots: false,},\r\n                      960:{\r\n                          items:5,nav: true,\r\n                              navSpeed: 500,\r\n                              dots: false,}\r\n                    },loop: true,autoplay: true,autoplayTimeout: 8000,autoplayHoverPause: true,\r\n                  });\r\n                }\r\n              });\r\n            <\/script>[\/vc_column_inner][\/vc_row_inner][\/vc_column][\/vc_row]<\/p>\n","protected":false},"excerpt":{"rendered":"<p>[vc_row el_class=&#8221;under-menu-topbar&#8221;][vc_column][rev_slider_vc alias=&#8221;renewable-energy-slider&#8221;][\/vc_column][\/vc_row][vc_row css=&#8221;.vc_custom_1547479820461{padding-bottom: 100px !important;}&#8221;][vc_column][\/vc_column][\/vc_row][vc_row full_width=&#8221;stretch_row&#8221; css=&#8221;.vc_custom_1548761128113{padding-top: 100px !important;padding-bottom: 50px !important;background-color: #f4f9ec !important;}&#8221;][vc_column css=&#8221;.vc_custom_1548768132879{padding-right: 0px !important;padding-left: 0px !important;}&#8221;][vc_row_inner css=&#8221;.vc_custom_1556030588953{margin-bottom: [&hellip;]<\/p>\n","protected":false},"author":1,"featured_media":0,"parent":0,"menu_order":0,"comment_status":"closed","ping_status":"closed","template":"","meta":{"footnotes":""},"class_list":["post-7474","page","type-page","status-publish","hentry"],"_links":{"self":[{"href":"https:\/\/empresaryr.cl\/web\/wp-json\/wp\/v2\/pages\/7474","targetHints":{"allow":["GET"]}}],"collection":[{"href":"https:\/\/empresaryr.cl\/web\/wp-json\/wp\/v2\/pages"}],"about":[{"href":"https:\/\/empresaryr.cl\/web\/wp-json\/wp\/v2\/types\/page"}],"author":[{"embeddable":true,"href":"https:\/\/empresaryr.cl\/web\/wp-json\/wp\/v2\/users\/1"}],"replies":[{"embeddable":true,"href":"https:\/\/empresaryr.cl\/web\/wp-json\/wp\/v2\/comments?post=7474"}],"version-history":[{"count":69,"href":"https:\/\/empresaryr.cl\/web\/wp-json\/wp\/v2\/pages\/7474\/revisions"}],"predecessor-version":[{"id":8202,"href":"https:\/\/empresaryr.cl\/web\/wp-json\/wp\/v2\/pages\/7474\/revisions\/8202"}],"wp:attachment":[{"href":"https:\/\/empresaryr.cl\/web\/wp-json\/wp\/v2\/media?parent=7474"}],"curies":[{"name":"wp","href":"https:\/\/api.w.org\/{rel}","templated":true}]}}